inder when u is divided by m.
16
Calculate the remainder when 214 is divided by ((-1440)/640)/(3/(-32)).
22
Let n = 28 - -16. Suppose k - 5 = 0, -n = 3*u + u - 4*k. Calculate the remainder when 3*5*(-4)/u is divided by 3.
1
Let m be 2 + -1 + (3 - 24). Let b = m - -32. Suppose 10*l + 18 = b*l. Calculate the remainder when l is divided by 6.
3
Suppose c - 12 = 49. What is the remainder when c is divided by 17?
10
Suppose 14 = 5*n - 6. Suppose 0 = 3*y + n*y - 77. What is the remainder when 31 is divided by y?
9
Let c = -69 - -73. Let a(m) = 18*m**2 + 2*m - 3. Let x be a(2). Let r = x + c. Calculate the remainder when r is divided by 13.
12
Suppose -4*q - 2*l = -4726, -617 - 563 = -q - l. Calculate the remainder when q is divided by 27.
22
Let c = -40 + 34. Calculate the remainder when (8/c)/((-26)/741) is divided by 13.
12
Let b = 298 + -263. Calculate the remainder when 161 is divided by b.
21
Suppose -h - h + 5*z = -11, 3*z = 4*h - 57. Suppose 6*n - 4 = 4*n. Suppose -n*f - 200 = -4*m, -m + 2*f + 28 = -16. What is the remainder when m is divided by h?
16
Suppose -4*p = 3*d - 61, 19*p = 15*p - 5*d + 67. What is the remainder when 72 is divided by p?
7
Let k(t) = 26*t + 1774. Calculate the remainder when (-2)/1 - (-157 + -1) is divided by k(-67).
28
Let m be (0 + (-4)/(-3))/((-3)/(-18)). Let r(s) = 8*s - 8. Calculate the remainder when r(m) is divided by 16.
8
Let i = 7 + -25. Let j be (-34)/(-10) - i/30. Let l = 8 - j. What is the remainder when 10 is divided by l?
2
Let r(b) = 11*b**2 + 6*b + 14. Let p(x) = -5*x**2 - 3*x - 7. Let k(i) = 13*p(i) + 6*r(i). What is the remainder when 43 is divided by k(-3)?
10
Suppose 5*n = 3*y - 33 - 7, -45 = -4*y + 5*n. Suppose -346 = -y*h - 71. Calculate the remainder when h is divided by 14.
13
Let n = 7123 + -7110. Suppose 0 = -4*a + 2*w + 74, -4*a + 44 = -3*w - 25. What is the remainder when a is divided by n?
8
Let q = -51 - -81. Let l = q + -19. Calculate the remainder when 43 is divided by l.
10
Let d(j) = -14*j**3 - j**2 - 2*j - 1. Let w = -29 - -50. Let h = -22 + w. Calculate the remainder when 55 is divided by d(h).
13
Suppose -b + 480 = 3*b. Suppose -3*v = -9*v + b. What is the remainder when 96 is divided by v?
16
Let x(r) = -r**2 - 2*r + 9. Let y be x(5). Let g = -15 - y. What is the remainder when 20 is divided by g?
9
Let p be 0 + 1*0/5. Suppose 8*f - 21 - 11 = p. Suppose f*m - y - 60 = 0, -2*m - 5*y - 17 + 47 = 0. Calculate the remainder when 40 is divided by m.
10
Let u = 208 + -114. Let z = -64 + u. Calculate the remainder when 117 is divided by z.
27
Suppose 5*q = -5 - 10, z - 2*q - 10 = 0. Suppose -3*n = -z*n + 20. Suppose m - 14 = -x, -2*x = -3*m + m + n. Calculate the remainder when 21 is divided by m.
9
Suppose 3*q - 121 - 14 = 0. Suppose -z - 2*p + 87 - 71 = 0, -136 = -5*z + 4*p. Calculate the remainder when q is divided by z.
21
Let w(x) = 8*x + 13. Let g = -10 + 18. Calculate the remainder when w(3) is divided by g.
5
Suppose f + 19 = -5*d, 0*f - d = 2*f + 2. Let i(q) = -2*q + 2. What is the remainder when 2 + -1 + 15 + f is divided by i(-2)?
5
Let z(m) = 14*m + 23. Let r be z(3). Let c = -58 + r. Let p(f) = -f**3 + 5*f**2 + 4*f - 5. What is the remainder when p(4) is divided by c?
6
Let d(a) = -16*a**3 - a**2 - a. Suppose -9*t - 8*t + 153 = 0. Calculate the remainder when d(-1) is divided by t.
7
Suppose 0 = 2*j + j - 9. Let m(g) = 1. Let d(w) = -w**2 - 13*w - 17. Let p(b) = d(b) + 2*m(b). What is the remainder when p(-11) is divided by j?
1
Let k = 1 - 0. Suppose -24 = -r - k. What is the remainder when (-3)/(9708/(-2848) - -3 - (-6)/16) is divided by r?
20
Let o(k) be the second derivative of 0 - 1/6*k**3 + 19/2*k**2 - k. Calculate the remainder when 20 is divided by o(8).
9
Let v = -168 - -305. Calculate the remainder when v is divided by 4.
1
Let z(v) = -v**2 + 4*v - 2. Let m be z(3). Let a = 5 - m. Suppose 0 = 5*p + a*w - 146, -2*w - 63 = -2*p + w. What is the remainder when 57 is divided by p?
27
Suppose a + 80*n - 115 = 85*n, 6*a + 3*n - 558 = 0. Calculate the remainder when a is divided by 27.
14
Let s be 1/2*(9 - (3 - -2)). Suppose b - 88 = -2*n - s*n, 5 = n - 4*b. Calculate the remainder when 40 is divided by n.
19
Suppose -12 + 0 = -2*s + 3*z, 2*s + 5*z - 28 = 0. Calculate the remainder when (-150)/s*(-27)/6 is divided by 39.
36
Let j(g) = -2*g**3 - 7*g**2 + 2*g + 12. Let z be j(-5). Suppose 0*x = 3*x - 3, -4*d = -3*x - z. Calculate the remainder when d is divided by 11.
9
Suppose -r = 4*s - 94 - 95, 0 = 3*s - r - 133. Suppose 34 + s = 5*b. Suppose -149 = -5*v + 86. What is the remainder when v is divided by b?
15
Let m(u) = -u**3 - 43*u**2 - 80*u + 99. What is the remainder when 82 is divided by m(-41)?
14
Let v = -407 + 413. What is the remainder when 40 is divided by v?
4
Let s = 0 + 15. Let f(r) = 34*r - 2. Let b be f(-1). Calculate the remainder when -1*(-6)/(-8)*b is divided by s.
12
Suppose 0 = -9*f - 78 + 879. What is the remainder when f is divided by -1 + 29 + (2 - 5)?
14
Suppose -8*b = -10*b + 4, 3*z - 2*b = 185. Calculate the remainder when 187 is divided by z.
61
Suppose 3*s = 2*s, -5*r + 4*s - 35 = 0. Suppose 0 = -2*n - 4*x - 166, 0*n + 3*n + 5*x = -251. Calculate the remainder when 25 is divided by n/r - 12/(-21).
12
Let n(b) = b + 16. Suppose -14*j = -12*j - 8. What is the remainder when n(j) is divided by 11?
9
Suppose m + 7 = -5*c, -m + 5 = -2*c - 2. Let b be 790/(-8) - c/(-8). Let h = -44 - b. Calculate the remainder when h is divided by 28.
27
Suppose 0 = 3*j + 14 - 5. Calculate the remainder when (-148)/(-3) - j/(-9) is divided by 10.
9
Let b be (-20)/(-3) + (-38)/57. Suppose -5*y = 5*t - 420, -b*t - 5*y = -2*t - 341. What is the remainder when t is divided by 20?
19
Let u = -599 + 691. Calculate the remainder when u is divided by 16.
12
Let n = 142 - 107. Suppose 4 = h, 2*o - 5*h = -4*h - 4. Suppose -2*l + 7*l - 60 = o. What is the remainder when n is divided by l?
11
Suppose 0 = 4*c - 6*c + 3*a + 235, 5*c - 556 = -3*a. What is the remainder when c is divided by 29?
26
Let y(c) = -2*c**3 - 10*c**2 - 12*c - 8. What is the remainder when 61 is divided by y(-4)?
5
Suppose 4*k = -2*b + 1 - 9, 3*k + 28 = 4*b. Let z = b - -4. What is the remainder when 37 is divided by z?
5
Suppose 5*j = 2*s + 2 - 3, 0 = -4*s - 2*j + 14. Suppose 2*m + 49 = s*m. Suppose 5*l = m + 26. Calculate the remainder when l is divided by 6.
3
Let g(r) = -22*r - 104. Let j(i) = 110*i**2 - i. What is the remainder when j(1) is divided by g(-6)?
25
Let g(c) = c**2 + 1. Let j be g(-2). Let m(a) = -a**2 - 5*a + 2. Let t be m(-5). Suppose -83 = -t*v - j. Calculate the remainder when v is divided by 14.
11
Suppose 11*i - 198 = 2*i. Let d(q) = q**3 + q**2 + q + 4. Let m be d(0). Suppose m*x + 0*c - 44 = 2*c, c = x - 9. What is the remainder when i is divided by x?
9
What is the remainder when 25/2*(-14)/(-245)*28 is divided by 11?
9
Let r = 272 - 122. What is the remainder when r is divided by 44?
18
Let u be (-2757*(-4)/(-6))/(-1). Suppose 0 = -7*o - 333 + u. Suppose 190 = 5*q - o. Calculate the remainder when q is divided by 14.
11
Suppose -3*u - 8 = 4*r - 82, 5*r - 2*u = 104. Calculate the remainder when 32 is divided by r.
12
Let x(i) = 8 + 96*i**2 - 192*i**2 + 98*i**2 - 6*i. What is the remainder when x(4) is divided by (24/(-10))/(2/(-5))?
4
Let s(j) = 2*j**2 - 5*j. Let z be s(5). Let w = -15 + z. What is the remainder when 19 is divided by w?
9
Let a = -226 - -132. Let u = a - -159. What is the remainder when u is divided by 11?
10
Suppose 0 = -3*j + 72 + 729. Calculate the remainder when j is divided by 30.
27
Let k(o) = 20*o + 87. What is the remainder when 496 is divided by k(-4)?
6
Let z = 193 + -80. Calculate the remainder when z is divided by 23.
21
Suppose 3*a - 24 = 23*v - 20*v, 5*a - 75 = -2*v. Calculate the remainder when 23 is divided by a.
10
Let t(m) = 0*m**2 + 4 + 6*m**2 + m - 7*m**2. Let n be t(-4). Let u = 10 - n. What is the remainder when 76 is divided by u?
24
Let t be 2 - 2*(-4 + 3). Suppose 0 = s - 3*l + 29 - 80, -t*s + 4*l = -172. Calculate the remainder when s is divided by 15.
9
Let w(y) = -4*y**3 - y**2 - 2*y - 1. Let p = 1899 + -1888. What is the remainder when w(-2) is divided by p?
9
Suppose 3*r + 20 = 7*r. Suppose 0*g = r*g - 10. Calculate the remainder w